{"id":10,"date":"2024-06-05T21:42:48","date_gmt":"2024-06-05T19:42:48","guid":{"rendered":"https:\/\/quentin-homeconception.fr\/?page_id=10"},"modified":"2024-06-25T23:50:44","modified_gmt":"2024-06-25T21:50:44","slug":"mes-prestations","status":"publish","type":"page","link":"https:\/\/quentin-homeconception.fr\/index.php\/mes-prestations\/","title":{"rendered":"Mes prestations"},"content":{"rendered":"\n<div class=\"wp-block-cover alignfull is-light\" style=\"min-height:191px;aspect-ratio:unset;\"><span aria-hidden=\"true\" class=\"wp-block-cover__background has-nv-site-bg-background-color has-background-dim-100 has-background-dim\"><\/span><div class=\"wp-block-cover__inner-container is-layout-flow wp-block-cover-is-layout-flow\">\n<div class=\"wp-block-group\"><div class=\"wp-block-group__inner-container is-layout-flow wp-block-group-is-layout-flow\">\n<h1 class=\"wp-block-heading has-text-align-left has-neve-text-color-color has-text-color\">Mes prestations<\/h1>\n<\/div><\/div>\n<\/div><\/div>\n\n\n\n<div class=\"wp-block-cover alignfull is-light\" style=\"min-height:981px;aspect-ratio:unset;\"><span aria-hidden=\"true\" class=\"wp-block-cover__background has-nv-site-bg-background-color has-background-dim-100 has-background-dim\"><\/span><div class=\"wp-block-cover__inner-container is-layout-flow wp-block-cover-is-layout-flow\">\n<div class=\"wp-block-group\"><div class=\"wp-block-group__inner-container is-layout-flow wp-block-group-is-layout-flow\">\n<div style=\"height:0px\" aria-hidden=\"true\" class=\"wp-block-spacer\"><\/div>\n<\/div><\/div>\n\n\n\n<div class=\"wp-block-columns is-layout-flex wp-container-core-columns-is-layout-9d6595d7 wp-block-columns-is-layout-flex\">\n<div class=\"wp-block-column is-layout-flow wp-block-column-is-layout-flow\"><div class=\"wp-block-image\">\n<figure class=\"aligncenter size-large is-resized\"><img loading=\"lazy\" decoding=\"async\" width=\"1024\" height=\"1022\" src=\"http:\/\/quentin-homeconception.fr\/wp-content\/uploads\/2024\/06\/Idees-pour-le-site-@-e1719319318148-1024x1022.png\" alt=\"\" class=\"wp-image-184\" style=\"object-fit:cover;width:290px;height:400px\" srcset=\"https:\/\/quentin-homeconception.fr\/wp-content\/uploads\/2024\/06\/Idees-pour-le-site-@-e1719319318148-1024x1022.png 1024w, https:\/\/quentin-homeconception.fr\/wp-content\/uploads\/2024\/06\/Idees-pour-le-site-@-e1719319318148-300x300.png 300w, https:\/\/quentin-homeconception.fr\/wp-content\/uploads\/2024\/06\/Idees-pour-le-site-@-e1719319318148-150x150.png 150w, https:\/\/quentin-homeconception.fr\/wp-content\/uploads\/2024\/06\/Idees-pour-le-site-@-e1719319318148-768x766.png 768w, https:\/\/quentin-homeconception.fr\/wp-content\/uploads\/2024\/06\/Idees-pour-le-site-@-e1719319318148.png 1413w\" sizes=\"auto, (max-width: 1024px) 100vw, 1024px\" \/><\/figure>\n<\/div>\n\n\n<h3 class=\"wp-block-heading has-text-align-center\">Votre permis de construire<\/h3>\n\n\n\n<p class=\"has-text-align-center\">R\u00e9sidence principale, secondaire ou locatif, je r\u00e9alise votre permis de construire de \u00c0 \u00e0 Z.<\/p>\n\n\n\n<div class=\"wp-block-buttons is-content-justification-center is-layout-flex wp-container-core-buttons-is-layout-16018d1d wp-block-buttons-is-layout-flex\">\n<div class=\"wp-block-button is-style-primary\"><a class=\"wp-block-button__link wp-element-button\">EN SAVOIR +<\/a><\/div>\n<\/div>\n\n\n\n<div style=\"height:30px\" aria-hidden=\"true\" class=\"wp-block-spacer\"><\/div>\n<\/div>\n\n\n\n<div class=\"wp-block-column is-layout-flow wp-block-column-is-layout-flow\"><div class=\"wp-block-image\">\n<figure class=\"aligncenter size-large is-resized\"><img loading=\"lazy\" decoding=\"async\" width=\"1024\" height=\"1024\" src=\"http:\/\/quentin-homeconception.fr\/wp-content\/uploads\/2024\/06\/Idees-pour-le-site-@-2-e1719319360207-1024x1024.png\" alt=\"\" class=\"wp-image-183\" style=\"object-fit:cover;width:290px;height:400px\" srcset=\"https:\/\/quentin-homeconception.fr\/wp-content\/uploads\/2024\/06\/Idees-pour-le-site-@-2-e1719319360207-1024x1024.png 1024w, https:\/\/quentin-homeconception.fr\/wp-content\/uploads\/2024\/06\/Idees-pour-le-site-@-2-e1719319360207-300x300.png 300w, https:\/\/quentin-homeconception.fr\/wp-content\/uploads\/2024\/06\/Idees-pour-le-site-@-2-e1719319360207-150x150.png 150w, https:\/\/quentin-homeconception.fr\/wp-content\/uploads\/2024\/06\/Idees-pour-le-site-@-2-e1719319360207-768x768.png 768w, https:\/\/quentin-homeconception.fr\/wp-content\/uploads\/2024\/06\/Idees-pour-le-site-@-2-e1719319360207.png 1413w\" sizes=\"auto, (max-width: 1024px) 100vw, 1024px\" \/><\/figure>\n<\/div>\n\n\n<h3 class=\"wp-block-heading has-text-align-center\">Votre d\u00e9claration pr\u00e9alable de travaux<\/h3>\n\n\n\n<p class=\"has-text-align-center\">Piscine, extension, pergola, v\u00e9randa, mur de cl\u00f4ture\u2026 Je r\u00e9alise votre d\u00e9claration pr\u00e9alable de travaux de \u00c0 \u00e0 Z.<\/p>\n\n\n\n<div class=\"wp-block-buttons is-content-justification-center is-layout-flex wp-container-core-buttons-is-layout-16018d1d wp-block-buttons-is-layout-flex\">\n<div class=\"wp-block-button is-style-primary\"><a class=\"wp-block-button__link wp-element-button\">EN SAVOIR +<\/a><\/div>\n<\/div>\n\n\n\n<div style=\"height:30px\" aria-hidden=\"true\" class=\"wp-block-spacer\"><\/div>\n<\/div>\n\n\n\n<div class=\"wp-block-column is-layout-flow wp-block-column-is-layout-flow\"><div class=\"wp-block-image\">\n<figure class=\"aligncenter size-large is-resized\"><img loading=\"lazy\" decoding=\"async\" width=\"1024\" height=\"769\" src=\"http:\/\/quentin-homeconception.fr\/wp-content\/uploads\/2024\/06\/house-keys-4521071_1280-1024x769.jpg\" alt=\"\" class=\"wp-image-185\" style=\"object-fit:cover;width:290px;height:400px\" srcset=\"https:\/\/quentin-homeconception.fr\/wp-content\/uploads\/2024\/06\/house-keys-4521071_1280-1024x769.jpg 1024w, https:\/\/quentin-homeconception.fr\/wp-content\/uploads\/2024\/06\/house-keys-4521071_1280-300x225.jpg 300w, https:\/\/quentin-homeconception.fr\/wp-content\/uploads\/2024\/06\/house-keys-4521071_1280-768x577.jpg 768w, https:\/\/quentin-homeconception.fr\/wp-content\/uploads\/2024\/06\/house-keys-4521071_1280.jpg 1280w\" sizes=\"auto, (max-width: 1024px) 100vw, 1024px\" \/><\/figure>\n<\/div>\n\n\n<h3 class=\"wp-block-heading has-text-align-center\">Votre suivi de chantier<\/h3>\n\n\n\n<p class=\"has-text-align-center\">De la r\u00e9alisation des plans jusqu\u2019\u00e0 la r\u00e9c\u00e9ption du chantier, je pilote votre projet pour une r\u00e9ception cl\u00e9 en main.<\/p>\n\n\n\n<div class=\"wp-block-buttons is-content-justification-center is-layout-flex wp-container-core-buttons-is-layout-16018d1d wp-block-buttons-is-layout-flex\">\n<div class=\"wp-block-button is-style-primary\"><a class=\"wp-block-button__link wp-element-button\">EN SAVOIR +<\/a><\/div>\n<\/div>\n\n\n\n<div style=\"height:30px\" aria-hidden=\"true\" class=\"wp-block-spacer\"><\/div>\n<\/div>\n<\/div>\n<\/div><\/div>\n\n\n\n<div class=\"wp-block-cover alignfull is-light\" style=\"min-height:300px;aspect-ratio:unset;\"><span aria-hidden=\"true\" class=\"wp-block-cover__background has-nv-dark-bg-background-color has-background-dim-100 has-background-dim\"><\/span><div class=\"wp-block-cover__inner-container is-layout-flow wp-block-cover-is-layout-flow\">\n<div style=\"height:80px\" aria-hidden=\"true\" class=\"wp-block-spacer\"><\/div>\n\n\n<div class=\"wp-block-image is-resized is-style-rounded\">\n<figure class=\"aligncenter size-full\"><img loading=\"lazy\" decoding=\"async\" width=\"500\" height=\"500\" src=\"http:\/\/quentin-homeconception.fr\/wp-content\/uploads\/2024\/06\/Maison-5.png\" alt=\"\" class=\"wp-image-203\" style=\"width:108px;height:auto\" srcset=\"https:\/\/quentin-homeconception.fr\/wp-content\/uploads\/2024\/06\/Maison-5.png 500w, https:\/\/quentin-homeconception.fr\/wp-content\/uploads\/2024\/06\/Maison-5-300x300.png 300w, https:\/\/quentin-homeconception.fr\/wp-content\/uploads\/2024\/06\/Maison-5-150x150.png 150w\" sizes=\"auto, (max-width: 500px) 100vw, 500px\" \/><\/figure>\n<\/div>\n\n\n<div style=\"height:24px\" aria-hidden=\"true\" class=\"wp-block-spacer\"><\/div>\n\n\n\n<p class=\"has-text-align-center has-nv-text-dark-bg-color has-text-color\"><em>\u201cLe meilleur moyen de pr\u00e9voir le futur, c\u2019est de le cr\u00e9er\u201d<\/em><\/p>\n\n\n\n<p class=\"has-text-align-center has-nv-text-dark-bg-color has-text-color\" style=\"font-size:14px\">PETER DRUCKER<\/p>\n\n\n\n<div style=\"height:80px\" aria-hidden=\"true\" class=\"wp-block-spacer\"><\/div>\n<\/div><\/div>\n","protected":false},"excerpt":{"rendered":"","protected":false},"author":1,"featured_media":0,"parent":0,"menu_order":0,"comment_status":"closed","ping_status":"closed","template":"","meta":{"neve_meta_sidebar":"","neve_meta_container":"","neve_meta_enable_content_width":"on","neve_meta_content_width":100,"neve_meta_title_alignment":"","neve_meta_author_avatar":"","neve_post_elements_order":"","neve_meta_disable_header":"","neve_meta_disable_footer":"","neve_meta_disable_title":"on","footnotes":""},"class_list":["post-10","page","type-page","status-publish","hentry"],"_links":{"self":[{"href":"https:\/\/quentin-homeconception.fr\/index.php\/wp-json\/wp\/v2\/pages\/10","targetHints":{"allow":["GET"]}}],"collection":[{"href":"https:\/\/quentin-homeconception.fr\/index.php\/wp-json\/wp\/v2\/pages"}],"about":[{"href":"https:\/\/quentin-homeconception.fr\/index.php\/wp-json\/wp\/v2\/types\/page"}],"author":[{"embeddable":true,"href":"https:\/\/quentin-homeconception.fr\/index.php\/wp-json\/wp\/v2\/users\/1"}],"replies":[{"embeddable":true,"href":"https:\/\/quentin-homeconception.fr\/index.php\/wp-json\/wp\/v2\/comments?post=10"}],"version-history":[{"count":13,"href":"https:\/\/quentin-homeconception.fr\/index.php\/wp-json\/wp\/v2\/pages\/10\/revisions"}],"predecessor-version":[{"id":263,"href":"https:\/\/quentin-homeconception.fr\/index.php\/wp-json\/wp\/v2\/pages\/10\/revisions\/263"}],"wp:attachment":[{"href":"https:\/\/quentin-homeconception.fr\/index.php\/wp-json\/wp\/v2\/media?parent=10"}],"curies":[{"name":"wp","href":"https:\/\/api.w.org\/{rel}","templated":true}]}}